?
3
Calculate the highest common divisor of 186 and 1426.
62
What is the greatest common divisor of 36 and 15?
3
What is the greatest common factor of 2 and 38?
2
What is the greatest common factor of 65 and 14430?
65
Calculate the highest common factor of 1908 and 36.
36
What is the highest common divisor of 81 and 1557?
9
Calculate the greatest common factor of 13 and 897.
13
Calculate the highest common factor of 616 and 56.
56
Calculate the greatest common divisor of 8 and 344.
8
Calculate the greatest common divisor of 1684 and 12.
4
What is the highest common factor of 99 and 77?
11
What is the greatest common factor of 340 and 8?
4
What is the highest common factor of 63 and 15792?
21
What is the highest common factor of 69 and 161?
23
Calculate the greatest common factor of 28 and 504.
28
Calculate the highest common factor of 120 and 510.
30
Calculate the greatest common factor of 1309 and 154.
77
What is the greatest common factor of 14 and 91?
7
What is the greatest common factor of 12 and 11?
1
Calculate the greatest common factor of 64 and 100.
4
Calculate the highest common divisor of 100 and 4140.
20
What is the highest common factor of 1070 and 321?
107
What is the highest common factor of 38 and 22?
2
What is the highest common divisor of 4823 and 910?
91
Calculate the greatest common divisor of 90 and 2637.
9
What is the highest common factor of 27 and 18?
9
Calculate the highest common divisor of 75 and 425.
25
What is the highest common divisor of 7 and 6426?
7
Calculate the greatest common factor of 3132 and 116.
116
What is the highest common divisor of 32 and 24224?
32
What is the greatest common divisor of 117 and 546?
39
Calculate the highest common factor of 25 and 75.
25
Calculate the highest common divisor of 18204 and 24.
12
Calculate the highest common divisor of 1477 and 7.
7
What is the highest common divisor of 11341 and 33?
11
What is the highest common divisor of 4 and 316?
4
Calculate the greatest common divisor of 10 and 2.
2
Calculate the greatest common divisor of 156 and 45006.
78
Calculate the greatest common factor of 328 and 8.
8
Calculate the greatest common factor of 3112 and 16.
8
What is the highest common divisor of 276 and 8?
4
Calculate the highest common factor of 559 and 129.
43
What is the highest common divisor of 27334 and 346?
346
Calculate the highest common divisor of 264 and 24.
24
Calculate the greatest common factor of 14 and 8834.
14
Calculate the highest common factor of 28 and 10654.
14
Calculate the highest common factor of 91879 and 139.
139
What is the greatest common factor of 5912 and 56?
8
What is the highest common divisor of 25783 and 1311?
437
What is the greatest common factor of 16 and 22?
2
What is the greatest common factor of 3360 and 700?
140
Calculate the greatest common factor of 94 and 29422.
94
Calculate the greatest common factor of 544 and 204.
68
Calculate the highest common divisor of 10 and 810.
10
Calculate the highest common factor of 16 and 256.
16
Calculate the greatest common factor of 82 and 328.
82
Calculate the greatest common divisor of 221 and 17.
17
Calculate the greatest common divisor of 9196 and 76.
76
What is the greatest common divisor of 5842 and 254?
254
What is the highest common factor of 858 and 176?
22
What is the greatest common divisor of 10 and 25?
5
Calculate the greatest common factor of 11374 and 188.
94
Calculate the greatest common divisor of 1782 and 22.
22
Calculate the highest common divisor of 41 and 369.
41
What is the highest common factor of 474 and 24?
6
What is the highest common factor of 10761 and 34?
17
Calculate the greatest common factor of 105 and 280.
35
Calculate the greatest common divisor of 64 and 14176.
32
Calculate the greatest common divisor of 533 and 41.
41
What is the greatest common factor of 4495 and 124?
31
What is the greatest common factor of 164 and 2214?
82
Calculate the highest common divisor of 348 and 324.
12
What is the greatest common factor of 510 and 20?
10
Calculate the greatest common divisor of 1635 and 15.
15
Calculate the greatest common factor of 63 and 70.
7
What is the highest common factor of 1980 and 120?
60
What is the highest common divisor of 114 and 76?
38
What is the highest common factor of 790 and 140?
10
What is the greatest common factor of 4 and 7804?
4
What is the greatest common divisor of 10 and 430?
10
What is the greatest common divisor of 1173 and 69?
69
Calculate the greatest common factor of 520 and 208.
104
What is the greatest common divisor of 36018 and 276?
138
What is the highest common factor of 18 and 8568?
18
What is the highest common factor of 178 and 17444?
178
Calculate the highest common divisor of 18 and 10026.
18
What is the highest common factor of 108 and 180?
36
What is the greatest common divisor of 183 and 671?
61
Calculate the highest common factor of 10 and 250.
10
What is the highest common divisor of 67087 and 73?
73
What is the greatest common divisor of 18 and 14?
2
What is the greatest common divisor of 15220 and 40?
20
What is the greatest common factor of 7791 and 147?
147
What is the greatest common factor of 135 and 5?
5
Calculate the greatest common divisor of 6 and 486.
6
What is the greatest common divisor of 84 and 63?
21
What is the highest common divisor of 3 and 64?
1
What is the greatest common factor of 64 and 544?
32
Calculate the greatest common divisor of 1062 and 63.
9
What is the greatest common divisor of 2325 and 93?
93
Calculate the highest common divisor of 140 and 160.
20
Calculate the greatest common divisor of 462 and 88.
22
What is the highest common factor of 572 and 12298?
286
What is the greatest common factor of 1508 and 1924?
52
Calculate the greatest common factor of 1245 and 83.
83
What is the greatest common factor of 5160 and 12?
12
Calculate the greatest common factor of 8 and 32.
8
What is the highest common factor of 141 and 3055?
47
Calculate the highest common divisor of 17 and 1649.
17
Calculate the highest common divisor of 30 and 1840.
10
Calculate the highest common factor of 70 and 3745.
35
Calculate the greatest common factor of 21 and 119.
7
Calculate the greatest common divisor of 50 and 157.
1
What is the greatest common divisor of 901 and 106?
53
What is the highest common factor of 68 and 1172?
4
What is the greatest common factor of 273 and 26?
13
Calculate the highest common divisor of 238 and 1020.
34
What is the highest common divisor of 5502 and 84?
42
Calculate the greatest common factor of 136 and 833.
17
Calculate the highest common divisor of 6 and 294.
6
What is the greatest common divisor of 5 and 295?
5
What is the greatest common divisor of 66 and 110?
22
Calculate the greatest common divisor of 2976 and 192.
96
Calculate the greatest common divisor of 71115 and 165.
165
What is the greatest common divisor of 195 and 45?
15
What is the greatest common divisor of 1260 and 135?
45
Calculate the highest common factor of 6517 and 399.
133
What is the highest common factor of 7313 and 71?
71
Calculate the highest common divisor of 795 and 45.
15
Calculate the highest common divisor of 2997 and 37.
37
What is the greatest common divisor of 118 and 3599?
59
Calculate the greatest common divisor of 153 and 21267.
153
What is the highest common factor of 4947 and 51?
51
Calculate the greatest common divisor of 63 and 1953.
63
What is the greatest common divisor of 1 and 401?
1
Calculate the greatest common divisor of 304 and 464.
16
What is the highest common factor of 5026 and 14?
14
Calculate the greatest common divisor of 156 and 60.
12
Calculate the greatest common factor of 18 and 39.
3
Calculate the greatest common factor of 22 and 737.
11
Calculate the greatest common divisor of 77 and 176.
11
Calculate the highest common factor of 51 and 1428.
51
Calculate the highest common factor of 34 and 2329.
17
Calculate the greatest common divisor of 29374 and 76.
38
Calculate the greatest common factor of 60 and 150.
30
Calculate the highest common divisor of 630 and 945.
315
Calculate the greatest common factor of 315 and 1245.
15
Calculate the greatest common factor of 88 and 1529.
11
What is the highest common divisor of 12 and 348?
12
What is the greatest common factor of 